+ 130. Suppose 15 = 5*j, -6*j + 3*j = -4*g - 33. What are the prime factors of p(g)?
2, 5, 11
Let g = -24938 + 35280. What are the prime factors of g?
2, 5171
Let u be 2034/12 + 1 - (-10)/(-4). Suppose 175*i = u*i + 8610. List the prime factors of i.
2, 3, 5, 41
Suppose -11*k + 338 = -12169. List the prime factors of k.
3, 379
Suppose c = -2*j + 5*c - 50, 4*j = 2*c - 94. Let l(o) = 2*o**2 + 46*o - 1. Let w be l(j). What are the prime factors of (w/4)/((-1 - 1)/1432)?
179
Let q(m) = m**3 + 3*m**3 - m - 12*m**2 + 0*m + m - 4*m + 13. What are the prime factors of q(7)?
769
Let x(j) = 10*j**2 + 7*j - 15. Let q be x(5). Suppose -q = -o + v, -3*o - 4*v - v = -818. What are the prime factors of o?
271
Let c = -3037 - -9893. What are the prime factors of c?
2, 857
Suppose 349298 = 177*w + 81851. List the prime factors of w.
1511
Suppose 3*k + 13*k + 60*k = 15352. Suppose -5*n = -2*n. Suppose n = g + 5 - k. List the prime factors of g.
197
Suppose -3*r + 11*h + 37*h = -103434, -h + 171904 = 5*r. List the prime factors of r.
2, 17191
Suppose -3*p + 67 = -41. List the prime factors of (p/(-3))/(-3) - (-613)/1.
617
Suppose 16*c = 20*c + 2*k + 1536, 0 = 4*c + 3*k + 1536. Let g = c + 1001. What are the prime factors of g?
617
Suppose -20*a - 2832 = 44*a - 36304. What are the prime factors of a?
523
Suppose -o = 4*t - 11003, 5*o - 35960 = 5*t + 18930. List the prime factors of o.
3, 7, 523
Let y = 5170 - 1822. List the prime factors of y.
2, 3, 31
Let r = 853 - 890. Suppose 3*f = p - 207, -f = p + 4*p + 53. Let c = r - f. List the prime factors of c.
31
Let j(u) = u**2 + 26*u + 30. Let c be j(-25). Suppose 0 = -5*a - l - 4034, 5*a = -c*l + 2548 - 6578. Let n = -546 - a. List the prime factors of n.
3, 29
Let y = 20 + -17. Let r(k) = k - 72*k**y + 32*k**3 - 109*k**3 - 2*k**2 - 2*k. What are the prime factors of r(-1)?
2, 37
Let l = 14010 + 14838. What are the prime factors of l?
2, 3, 601
Let s(f) = 33*f + 3*f**2 - 14*f - 14*f + 32 - 18*f. List the prime factors of s(6).
2, 31
Let v = -2038 + 131. Let j = v + 3312. What are the prime factors of j?
5, 281
Suppose -79*q = -74*q - 3570. Suppose 0 = -4*c - 3*k + q, -3*c - 166 = 4*k - 698. Suppose 2*v = -u + c, 2*u = -2*u - 8. List the prime factors of v.
7, 13
Suppose 2*s = k + 17, 2*s - 8*k + 5*k = 15. Suppose -3*z + 285 + s = 0. What are the prime factors of z?
2, 7
Let g = 453 + -466. What are the prime factors of 708 + g/(78/48)?
2, 5, 7
Let n(h) = 4*h**3 - 15*h - 5. Let v(c) = -3*c**3 + c**2 + 14*c + 5. Let i(f) = -2*n(f) - 3*v(f). Let p = -5 - -11. List the prime factors of i(p).
31
List the prime factors of (-13975040)/(-742) - (-2)/(-7) - 6.
2, 3, 523
Suppose 6*n + 107185 = 9*n - 2*p, n = -2*p + 35723. What are the prime factors of n?
3, 11909
Let a = -167 - -185. What are the prime factors of 8608/a - (-26)/(-117)?
2, 239
Suppose 5 = -5*x + 2660. Let y = 688 - x. What are the prime factors of y?
157
Suppose -3*p + 4664 = -4*d, -1049 = -p + 5*d + 491. What are the prime factors of p?
2, 3, 5, 13
What are the prime factors of ((-8)/((-160)/15))/((-12)/(-65840))?
5, 823
Suppose 1039 = -9*t - 743. Let x = t - -536. What are the prime factors of x?
2, 13
List the prime factors of ((-12)/(-24))/((-7)/2568)*(-186 + -3).
2, 3, 107
Suppose 5*r + m + 1 = 0, -13 = -4*r + r - 4*m. Let f be (-3 - -6)*r/(-3). List the prime factors of (f + -7)/(-30) - 648/(-10).
5, 13
Suppose 22*w = 4*t + 24*w - 42122, t = -5*w + 10544. List the prime factors of t.
10529
Suppose 4*f = 948 + 888. Suppose 4*d = -2*a + f + 379, -410 = -a - 5*d. List the prime factors of a.
5, 17
Suppose g = -4*v + 5, 2*g - 25 = -2*v - 3*g. Let r(u) be the second derivative of u**3/3 + 7*u**2/2 - 563*u + 2. List the prime factors of r(v).
7
Let g(h) = 816*h**2 - 74*h + 305. What are the prime factors of g(5)?
5, 7, 83
Let p = 19 - 19. Suppose -305 = 2*r + o, r + 0*o - o + 145 = p. Let f = -86 - r. List the prime factors of f.
2
Let y = 288 - 221. Let s = y + 331. What are the prime factors of s?
2, 199
Let j(i) = 2*i**2 + 2*i - 8. Let f be j(2). Suppose f*z + t + 28 = -140, -5*z + 4*t - 189 = 0. Let n = 145 + z. List the prime factors of n.
2, 13
Let i(q) = -9*q**2 - 28*q - 71. Let a be i(-11). List the prime factors of (a/16)/(1*(-2)/48).
2, 3, 71
Suppose 70*d = 63*d + 27955 + 16117. What are the prime factors of d?
2, 787
Suppose -7*i + 548 = -110. Suppose i*w - 83*w - 10989 = 0. List the prime factors of w.
3, 37
List the prime factors of (14*(-2)/8 + 3)*281996/(-26).
11, 17, 29
Suppose 3*i + 4*r = -12, -2*i - 5 = 2*r + 5. Suppose -211*p - 2496 = -227*p. List the prime factors of (p/i)/(4/(-8)).
3, 13
Suppose 262*q = 267*q + 615. Let h = -169 - 44. Let m = q - h. What are the prime factors of m?
2, 3, 5
Let m(n) = -n**3 - 94*n**2 - 148*n - 354. List the prime factors of m(-95).
3, 7577
Let j(f) = 4*f**3 + 1 - 2*f**3 - 2 + f + 2*f**2. Suppose -3*h = 5*w + 6, -2*h - 10 = -2*w - 22. What are the prime factors of j(h)?
2, 37
Suppose 0 = 16*g - 26*g + 11*g. Suppose g = 22*r + 3*r - 16550. List the prime factors of r.
2, 331
Let b(s) = -108*s**3 + 7*s**2 + 66*s + 41. What are the prime factors of b(-6)?
5, 929
Suppose 151*o + 384 = 33151. List the prime factors of o.
7, 31
Let j(l) = 16*l**2 - 2*l + 2. Let i be j(1). Let z(k) = 17*k + 113. List the prime factors of z(i).
5, 7, 11
Suppose -3*u - y = 0, -y + 0 - 4 = -u. Let a(o) = -476*o**2 + 3*o - 1. Let h be a(u). What are the prime factors of (1/(-2))/(3/h)?
79
Suppose 6711 + 4588 = l - 3*v, -l - 2*v = -11294. What are the prime factors of l?
2, 353
Suppose 3*k - 72 = -87. List the prime factors of (18/12)/(k - (-1463)/292).
2, 73
Let g be (-29)/(-9) - 4/18. Suppose 33*k - 46854 = 5*k - 29*k. Suppose -g*w = 4*y + 82 - 901, 3*w - k = -5*y. List the prime factors of w.
269
Suppose 3*a + 12 = 0, -4*t + 81046 = a + 4278. What are the prime factors of t?
17, 1129
Let f = 224 + -224. Suppose -7*y + 3840 + 3636 = f. What are the prime factors of y?
2, 3, 89
Suppose -5026 = -g + c + 5492, 4 = 4*c. List the prime factors of g.
67, 157
Let f = 14 - 11. Suppose -2*l + 132 = f*w - 3*l, l = -4*w + 169. List the prime factors of w - 5/(-10)*2.
2, 11
Let k(v) = -37*v - 6 - 7 - 41*v - 23*v + 1. List the prime factors of k(-19).
1907
Suppose -5*o - 5*z = -445, 13*o - 10*o - 2*z - 272 = 0. Suppose 3*c + 3*u + 152 = -2*u, -5*c = -u + 244. Let y = c + o. List the prime factors of y.
41
Suppose -8*q + 23*q + 0*q = 124860. What are the prime factors of q?
2, 2081
Let y = -1752 - -2599. Suppose -2*u = -y + 47. What are the prime factors of u?
2, 5
Let b(q) be the first derivative of q**4/2 - 4*q**3 + 3*q**2 + 42*q + 52. What are the prime factors of b(8)?
2, 173
Suppose -3*a + u = 432 + 334, -267 = a + 2*u. Let i = a - -335. List the prime factors of i.
2, 3, 13
Let i(u) = 29*u**2 + 7*u + 7. Let s = -132 - -130. Let d be i(s). Suppose -n + 58 = 5*l - 51, n - 3*l - d = 0. List the prime factors of n.
109
Let m be (-2)/(-13) + 501/39 - 0. Let i be (m + -3)*3/(-6). Let s = 158 + i. What are the prime factors of s?
3, 17
Suppose -f - 3*d + 58 = 0, 4*f + 6*d = 4*d + 242. Let m = 355 + f. What are the prime factors of m?
2, 13
Let z(x) = -x**3 - 4*x**2 + x - 2. Suppose 0 - 24 = 6*g. Let h be z(g). List the prime factors of ((-2)/h)/((-2932)/(-1464) + -2).
2, 61
Let h(t) = t**2 - 60. Let v be h(-7). Let w = 16 - 45. List the prime factors of (-1 - 0)*w*(-9 - v).
2, 29
Let x(c) = -c**3 + 16*c**2 - 24*c + 32. Let i be (-15)/10 + 44/8 - -9. What are the prime factors of x(i)?
227
Let c(m) = 2*m + 27. Suppose -12*z = -8*z + 84. Let l be c(z). What are the prime factors of 6/l - (-3548)/20?
3, 59
Suppose 20*t - 127 = 18*t - 3*p, 0 = -3*t + 3*p + 228. Suppose t*j = 50703 - 790. What are the prime factors of j?
19, 37
Let g(x) = 2*x**2 - 15*x + 21. Let y be g(6). List the prime factors of 1188*(8/(-18))/((-2)/y).
2, 3, 11
Let z(p) = 1287*p - 1733. List the prime factors of z(5).
2, 2351
Let m(x) = -107*x - 68. Let b be m(-5). Let z = b - 115. What are the prime factors of z?
2, 11
Suppose 0 = 2*l + 6, 1 = -3*b - l - 5. What are the prime factors of 1/((-78)/79 - b)?
79
Let d = -12853 - -19030. List the prime factors of d.
3, 29, 71
Suppose -s + 2*s - 2 = 0. Suppose 3*l - 2314 - 3401 = s*r, -5*l + 2868 = -r. List the prime factors of (-6)/